ivided by 1068.
22
What is the remainder when 8061 is divided by 264?
141
What is the remainder when 200888 is divided by 40?
8
Calculate the remainder when 5990 is divided by 8.
6
Calculate the remainder when 13657 is divided by 13575.
82
What is the remainder when 1886 is divided by 484?
434
Calculate the remainder when 492 is divided by 379.
113
Calculate the remainder when 1032 is divided by 515.
2
Calculate the remainder when 926 is divided by 184.
6
Calculate the remainder when 24059 is divided by 32.
27
Calculate the remainder when 725 is divided by 26.
23
Calculate the remainder when 74536 is divided by 2483.
46
What is the remainder when 1070274 is divided by 775?
774
What is the remainder when 31592 is divided by 632?
624
What is the remainder when 15214 is divided by 38?
14
What is the remainder when 54329 is divided by 14?
9
Calculate the remainder when 9389 is divided by 240.
29
What is the remainder when 616 is divided by 143?
44
Calculate the remainder when 10059 is divided by 3338.
45
What is the remainder when 40000 is divided by 13330?
10
Calculate the remainder when 143426 is divided by 190.
166
Calculate the remainder when 651930 is divided by 19174.
14
What is the remainder when 2339925 is divided by 207?
204
What is the remainder when 55910 is divided by 2137?
348
Calculate the remainder when 1121 is divided by 393.
335
Calculate the remainder when 10228 is divided by 29.
20
What is the remainder when 1254048 is divided by 49?
40
What is the remainder when 25307 is divided by 1474?
249
Calculate the remainder when 21327 is divided by 1935.
42
What is the remainder when 654 is divided by 628?
26
What is the remainder when 25111 is divided by 17?
2
Calculate the remainder when 34109 is divided by 411.
407
What is the remainder when 447 is divided by 52?
31
Calculate the remainder when 89676 is divided by 95.
91
What is the remainder when 53315 is divided by 165?
20
Calculate the remainder when 13220 is divided by 117.
116
What is the remainder when 8678 is divided by 1444?
14
Calculate the remainder when 21409 is divided by 802.
557
Calculate the remainder when 865 is divided by 33.
7
Calculate the remainder when 29050 is divided by 71.
11
What is the remainder when 275486 is divided by 401?
400
Calculate the remainder when 3648 is divided by 229.
213
What is the remainder when 1863 is divided by 37?
13
What is the remainder when 24160 is divided by 2196?
4
Calculate the remainder when 8976 is divided by 2991.
3
Calculate the remainder when 8101 is divided by 121.
115
What is the remainder when 65556 is divided by 13104?
36
Calculate the remainder when 242081 is divided by 3458.
21
Calculate the remainder when 660764 is divided by 1421.
1420
What is the remainder when 531548 is divided by 3?
2
What is the remainder when 1043957 is divided by 690?
677
Calculate the remainder when 37490 is divided by 299.
115
Calculate the remainder when 7314 is divided by 26.
8
What is the remainder when 29007 is divided by 93?
84
What is the remainder when 978399 is divided by 18?
9
Calculate the remainder when 6592 is divided by 61.
4
What is the remainder when 4331 is divided by 200?
131
Calculate the remainder when 17431 is divided by 1025.
6
Calculate the remainder when 108817 is divided by 4.
1
What is the remainder when 10699 is divided by 411?
13
What is the remainder when 6123 is divided by 42?
33
Calculate the remainder when 34606 is divided by 4943.
5
What is the remainder when 2193 is divided by 127?
34
Calculate the remainder when 41387 is divided by 545.
512
What is the remainder when 128309 is divided by 64146?
17
Calculate the remainder when 1141 is divided by 150.
91
Calculate the remainder when 6954 is divided by 28.
10
Calculate the remainder when 1012 is divided by 163.
34
Calculate the remainder when 17572 is divided by 36.
4
What is the remainder when 244075 is divided by 24?
19
Calculate the remainder when 1438 is divided by 662.
114
What is the remainder when 16544 is divided by 7?
3
Calculate the remainder when 44432 is divided by 113.
23
Calculate the remainder when 18972 is divided by 1227.
567
What is the remainder when 377485 is divided by 373?
9
What is the remainder when 19684 is divided by 36?
28
Calculate the remainder when 14372 is divided by 2217.
1070
Calculate the remainder when 120794 is divided by 4473.
23
What is the remainder when 1305 is divided by 164?
157
Calculate the remainder when 235047 is divided by 1497.
18
Calculate the remainder when 74459 is divided by 203.
161
Calculate the remainder when 20484 is divided by 5121.
0
What is the remainder when 1610 is divided by 1432?
178
Calculate the remainder when 4063 is divided by 12.
7
What is the remainder when 5416 is divided by 29?
22
What is the remainder when 90206 is divided by 440?
6
Calculate the remainder when 64247 is divided by 3775.
72
What is the remainder when 980 is divided by 25?
5
Calculate the remainder when 4696 is divided by 1562.
10
What is the remainder when 27032 is divided by 3379?
0
What is the remainder when 351656 is divided by 1776?
8
Calculate the remainder when 3551 is divided by 287.
107
What is the remainder when 60225 is divided by 12040?
25
What is the remainder when 7463 is divided by 1064?
15
Calculate the remainder when 416753 is divided by 411.
410
What is the remainder when 26527 is divided by 1393?
60
Calculate the remainder when 5963 is divided by 332.
319
What is the remainder when 3813 is divided by 1894?
25
What is the remainder when 8970 is divided by 382?
184
Calculate the remainder when 343205 is divided by 44.
5
Calculate the remainder when 6365 is divided by 243.
47
Calculate the remainder when 6742603 is divided by 321.
319
Calculate the remainder when 96581 is divided by 157.
26
What is the remainder when 928482 is divided by 7?
2
What is the remainder when 334808 is divided by 10?
8
What is the remainder when 8560 is divided by 144?
64
Calculate the remainder when 111 is divided by 55.
1
What is the remainder when 2702 is divided by 173?
107
What is the remainder when 2421 is divided by 537?
273
What is the remainder when 1897 is divided by 57?
16
What is the remainder when 3665 is divided by 74?
39
What is the remainder when 541 is divided by 97?
56
Calculate the remainder when 1146 is divided by 297.
255
Calculate the remainder when 56162 is divided by 407.
403
Calculate the remainder when 381825 is divided by 564.
561
Calculate the remainder when 10443 is divided by 40.
3
Calculate the remainder when 10263 is divided by 3417.
12
Calculate the remainder when 48177 is divided by 24086.
5
What is the remainder when 2143 is divided by 27?
10
Calculate the remainder when 44727 is divided by 97.
10
What is the remainder when 219979 is divided by 27496?
11
What is the remainder when 2655 is divided by 534?
519
What is the remainder when 59999 is divided by 59?
55
Calculate the remainder when 4017 is divided by 3512.
505
What is the remainder when 527007 is divided by 24?
15
Calculate the remainder when 813116 is divided by 33.
29
Calculate the remainder when 18216 is divided by 3010.
156
Calculate the remainder when 95236 is divided by 18.
16
What is the remainder when 10467 is divided by 1941?
762
What is the remainder when 102387 is divided by 353?
17
What is the remainder when 9365 is divided by 1587?
1430
What is the remainder when 3810 is divided by 3809?
1
What is the remainder when 6320 is divided by 50?
20
What is the remainder when 207762 is divided by 3995?
22
What is the remainder when 129004 is divided by 43?
4
What is the remainder when 977 is divided by 86?
31
What is the remainder when 6512 is divided by 68?
52
Calculate the remainder when 111160 is divided by 4117.
1
What is the remainder when 1334342 is divided by 11?
9
Calculate the remainder when 371698 is divided by 450.
448
Calculate the remainder when 2548569 is divided by 961.
958
Calculate the remainder when 39622 is divided by 1981.
2
Calculate the remainder when 5990 is divided by 1587.
1229
What is the remainder when 9708 is divided by 39?
36
Calculate the remainder when 14361 is divided by 1597.
1585
What is the remainder when 12988 is divided by 2135?
178
What is the remainder when 42957 is divided by 125?
82
Calculate 